mmon factor of 610 and 366.
122
What is the greatest common divisor of 459 and 5457?
51
Calculate the highest common factor of 1040 and 286.
26
What is the highest common factor of 480 and 448?
32
Calculate the greatest common factor of 664 and 166.
166
Calculate the greatest common factor of 176 and 34408.
88
Calculate the greatest common divisor of 330 and 240.
30
Calculate the greatest common factor of 27 and 288.
9
What is the highest common divisor of 168 and 1176?
168
Calculate the greatest common divisor of 261 and 9.
9
What is the highest common factor of 4148 and 204?
68
Calculate the highest common divisor of 7096 and 8.
8
What is the highest common factor of 70 and 26320?
70
What is the highest common divisor of 9 and 14400?
9
Calculate the highest common divisor of 6692 and 28.
28
What is the greatest common divisor of 7 and 35?
7
What is the greatest common factor of 342 and 608?
38
What is the highest common divisor of 4 and 44?
4
Calculate the highest common divisor of 54 and 432.
54
Calculate the greatest common divisor of 72 and 18.
18
Calculate the greatest common divisor of 15 and 177.
3
Calculate the highest common divisor of 81 and 387.
9
Calculate the highest common factor of 27761 and 213.
71
What is the highest common divisor of 28779 and 159?
159
What is the greatest common divisor of 264 and 3432?
264
What is the highest common factor of 44 and 1364?
44
Calculate the greatest common factor of 312 and 48.
24
What is the highest common factor of 2105 and 20?
5
What is the highest common factor of 91 and 91?
91
Calculate the highest common divisor of 105 and 10605.
105
What is the highest common factor of 1981 and 7?
7
What is the highest common factor of 14 and 371?
7
Calculate the greatest common factor of 259 and 63.
7
Calculate the greatest common factor of 37 and 1961.
37
Calculate the greatest common factor of 80 and 8800.
80
Calculate the highest common divisor of 1967 and 7.
7
What is the highest common factor of 646 and 170?
34
Calculate the highest common divisor of 20270 and 10.
10
Calculate the greatest common factor of 204 and 36.
12
What is the highest common factor of 16 and 512?
16
What is the highest common divisor of 115 and 1357?
23
What is the greatest common divisor of 22 and 407?
11
What is the highest common factor of 138 and 506?
46
What is the greatest common divisor of 15 and 55?
5
Calculate the highest common factor of 390 and 165.
15
Calculate the greatest common divisor of 182 and 4654.
26
Calculate the highest common divisor of 7 and 567.
7
Calculate the highest common divisor of 180 and 2916.
36
Calculate the greatest common divisor of 8 and 18488.
8
Calculate the greatest common divisor of 99 and 9.
9
What is the highest common factor of 10011 and 426?
213
What is the highest common factor of 10 and 185?
5
What is the greatest common divisor of 35 and 98?
7
Calculate the greatest common factor of 476 and 77.
7
What is the greatest common divisor of 76 and 874?
38
What is the greatest common factor of 49 and 224?
7
What is the greatest common factor of 696 and 261?
87
What is the highest common divisor of 52 and 8?
4
What is the greatest common divisor of 72 and 34?
2
What is the highest common factor of 68 and 43248?
68
What is the highest common divisor of 10660 and 39?
13
What is the highest common factor of 684 and 936?
36
What is the highest common divisor of 198 and 1551?
33
What is the greatest common divisor of 437 and 551?
19
What is the greatest common divisor of 44 and 1397?
11
What is the greatest common divisor of 51 and 221?
17
Calculate the highest common divisor of 4640 and 40.
40
Calculate the highest common divisor of 1593 and 54.
27
What is the highest common divisor of 12807 and 63?
9
What is the highest common factor of 14126 and 28?
14
Calculate the highest common factor of 38 and 988.
38
Calculate the highest common factor of 399 and 231.
21
Calculate the greatest common factor of 12552 and 24.
24
Calculate the greatest common factor of 55 and 2.
1
Calculate the greatest common divisor of 227 and 3632.
227
What is the highest common factor of 144 and 192?
48
Calculate the greatest common factor of 264 and 220.
44
Calculate the highest common factor of 1015 and 15.
5
Calculate the highest common factor of 310 and 1488.
62
What is the greatest common factor of 147 and 3?
3
Calculate the highest common divisor of 100 and 150.
50
Calculate the highest common divisor of 36598 and 174.
58
What is the highest common divisor of 250 and 74?
2
Calculate the greatest common factor of 74 and 10.
2
Calculate the greatest common divisor of 4350 and 609.
87
What is the greatest common factor of 44 and 737?
11
What is the highest common factor of 29 and 160?
1
Calculate the highest common divisor of 85 and 1135.
5
Calculate the highest common factor of 480 and 288.
96
Calculate the greatest common divisor of 1216 and 64.
64
Calculate the highest common factor of 660 and 270.
30
What is the highest common factor of 592 and 128?
16
What is the highest common factor of 8892 and 156?
156
What is the highest common divisor of 336 and 1104?
48
Calculate the highest common divisor of 1 and 2.
1
Calculate the greatest common factor of 2975 and 350.
175
What is the highest common divisor of 512 and 96?
32
Calculate the greatest common factor of 4 and 244.
4
What is the greatest common factor of 76 and 3325?
19
Calculate the highest common divisor of 201 and 469.
67
Calculate the highest common divisor of 7421 and 41.
41
What is the greatest common divisor of 2 and 18?
2
Calculate the greatest common divisor of 1 and 36.
1
What is the highest common divisor of 54 and 9747?
27
What is the greatest common divisor of 22 and 539?
11
Calculate the greatest common factor of 112 and 176.
16
What is the greatest common factor of 495 and 1287?
99
Calculate the greatest common divisor of 667 and 1288.
23
Calculate the highest common divisor of 48 and 1456.
16
What is the highest common divisor of 6 and 18?
6
What is the highest common factor of 720 and 225?
45
Calculate the greatest common divisor of 10970 and 20.
10
What is the greatest common factor of 156 and 234?
78
What is the greatest common factor of 68 and 136?
68
What is the greatest common factor of 224 and 128?
32
What is the greatest common divisor of 195 and 130?
65
Calculate the greatest common factor of 217 and 3782.
31
Calculate the highest common divisor of 429 and 39.
39
Calculate the highest common divisor of 111 and 3552.
111
Calculate the highest common divisor of 5 and 137.
1
What is the highest common factor of 792 and 1764?
36
Calculate the greatest common divisor of 912 and 2793.
57
What is the greatest common divisor of 60 and 450?
30
What is the highest common factor of 90 and 90?
90
What is the highest common divisor of 2829 and 246?
123
Calculate the greatest common divisor of 1008 and 36.
36
What is the greatest common factor of 1573 and 286?
143
What is the greatest common factor of 1004 and 1757?
251
Calculate the highest common factor of 180 and 405.
45
What is the highest common divisor of 92 and 1242?
46
What is the greatest common divisor of 5 and 605?
5
Calculate the highest common factor of 464 and 8468.
116
What is the highest common divisor of 46 and 115?
23
What is the highest common factor of 10 and 64?
2
Calculate the greatest common divisor of 175 and 20.
5
Calculate the highest common divisor of 768 and 24.
24
Calculate the highest common divisor of 1692 and 3008.
188
What is the highest common divisor of 568 and 2414?
142
What is the highest common divisor of 43 and 1161?
43
Calculate the greatest common factor of 45 and 6180.
15
Calculate the greatest common divisor of 26 and 650.
26
What is the greatest common factor of 266 and 2166?
38
Calculate the highest common factor of 1067 and 3104.
97
What is the greatest common divisor of 368 and 8?
8
Calculate the highest common divisor of 45 and 5070.
15
Calculate the highest common divisor of 175 and 77.
7
Calculate the highest common factor of 486 and 72.
18
Calculate the highest common divisor of 115 and 12995.
115
What is the highest common divisor of 7798 and 28?
14
Calculate the greatest common divisor of 231 and 22.
11
Calculate the greatest common f